{"id":14,"date":"2025-05-16T21:46:23","date_gmt":"2025-05-16T21:46:23","guid":{"rendered":"https:\/\/maciejkrawiecki.pl\/?page_id=14"},"modified":"2025-05-18T10:49:48","modified_gmt":"2025-05-18T10:49:48","slug":"maciej-krawiecki","status":"publish","type":"page","link":"https:\/\/maciejkrawiecki.pl\/","title":{"rendered":"Maciej Krawiecki"},"content":{"rendered":"<p>[et_pb_section fb_built=&#8221;1&#8243; _builder_version=&#8221;4.4.4&#8243; background_enable_color=&#8221;off&#8221; custom_padding=&#8221;0px||0px||true|false&#8221;][et_pb_row use_custom_gutter=&#8221;on&#8221; gutter_width=&#8221;1&#8243; make_equal=&#8221;on&#8221; _builder_version=&#8221;4.4.4&#8243; width=&#8221;100%&#8221; max_width=&#8221;100%&#8221; custom_padding=&#8221;0px||0px||true|false&#8221;][et_pb_column type=&#8221;4_4&#8243; _builder_version=&#8221;4.0.9&#8243; custom_padding=&#8221;19vh|12vh|19vh|12vh|true|true&#8221; custom_padding_tablet=&#8221;5vh|5vh|5vh|5vh|true|true&#8221; custom_padding_phone=&#8221;2vh|4vh|2vh|4vh|true|true&#8221; custom_padding_last_edited=&#8221;on|phone&#8221;][et_pb_text _builder_version=&#8221;4.4.4&#8243; header_font=&#8221;Poppins||||||||&#8221; header_text_color=&#8221;#000000&#8243; header_font_size=&#8221;4.3vw&#8221; header_line_height=&#8221;1.1em&#8221; custom_margin=&#8221;11vh||||false|false&#8221; header_font_size_tablet=&#8221;&#8221; header_font_size_phone=&#8221;5.7vw&#8221; header_font_size_last_edited=&#8221;on|phone&#8221;]<\/p>\n<h1>Jeszcze chwila&#8230;<\/h1>\n<p>[\/et_pb_text][et_pb_text _builder_version=&#8221;4.4.4&#8243; text_font=&#8221;Raleway||||||||&#8221; text_text_color=&#8221;#000000&#8243; text_font_size=&#8221;17px&#8221; text_line_height=&#8221;1.9em&#8221; header_2_font=&#8221;Poppins|300|||||||&#8221; header_2_font_size=&#8221;19px&#8221; header_2_letter_spacing=&#8221;1px&#8221; header_2_line_height=&#8221;1.3em&#8221; max_width=&#8221;75%&#8221; max_width_tablet=&#8221;100%&#8221; max_width_phone=&#8221;100%&#8221; max_width_last_edited=&#8221;on|phone&#8221; custom_margin=&#8221;3vh||||false|false&#8221; custom_margin_tablet=&#8221;2vh||||false|false&#8221; custom_margin_phone=&#8221;2vh||||false|false&#8221; custom_margin_last_edited=&#8221;on|phone&#8221; text_line_height_tablet=&#8221;&#8221; text_line_height_phone=&#8221;1.8em&#8221; text_line_height_last_edited=&#8221;on|desktop&#8221; text_line_height__hover_enabled=&#8221;off|desktop&#8221;]<\/p>\n<h2>Projekt jeszcze nie wystartowa\u0142 ale ju\u017c nied\u0142ugo zaczynamy dzia\u0142a\u0107.<br \/> Zostaw e-mail a damy Ci zna\u0107 gdy pojawi\u0105 si\u0119 pierwsze oferty.<\/h2>\n<p>[\/et_pb_text][et_pb_code admin_label=&#8221;CODE &#8211; DO NOT DELETE&#8221; _builder_version=&#8221;4.0.9&#8243; custom_padding=&#8221;||||true|false&#8221;]<\/p>\n<style><!-- [et_pb_line_break_holder] -->  @media only screen and (min-width: 981px) {<!-- [et_pb_line_break_holder] -->    .et_pb_subscribe .et_pb_newsletter_fields > p { <!-- [et_pb_line_break_holder] -->        flex: auto !important;<!-- [et_pb_line_break_holder] -->    }<!-- [et_pb_line_break_holder] -->    .et_pb_subscribe .et_pb_newsletter_fields p.et_pb_newsletter_field {<!-- [et_pb_line_break_holder] -->        margin-right: 2%; <!-- [et_pb_line_break_holder] -->    }<!-- [et_pb_line_break_holder] -->}<\/style>\n<p>[\/et_pb_code][et_pb_signup provider=&#8221;icontact&#8221; icontact_list=&#8221;DealDirect|3048&#8243; layout=&#8221;top_bottom&#8221; first_name_field=&#8221;off&#8221; last_name_field=&#8221;off&#8221; button_text=&#8221;Wy\u015blij&#8221; _builder_version=&#8221;4.4.4&#8243; form_field_background_color=&#8221;#ffffff&#8221; form_field_text_color=&#8221;#000000&#8243; form_field_focus_background_color=&#8221;#ffffff&#8221; form_field_focus_text_color=&#8221;#000000&#8243; form_field_custom_padding=&#8221;18px||18px|22px|true|false&#8221; result_message_font=&#8221;Poppins||||||||&#8221; result_message_text_color=&#8221;#000000&#8243; result_message_font_size=&#8221;27px&#8221; form_field_font=&#8221;Poppins|300|||||||&#8221; form_field_font_size=&#8221;15px&#8221; form_field_line_height=&#8221;1em&#8221; use_background_color=&#8221;off&#8221; custom_button=&#8221;on&#8221; button_text_size=&#8221;15px&#8221; button_text_color=&#8221;#ffffff&#8221; button_bg_color=&#8221;#000000&#8243; button_border_width=&#8221;0px&#8221; button_border_color=&#8221;#000000&#8243; button_letter_spacing=&#8221;1px&#8221; button_font=&#8221;Poppins|600|||||||&#8221; button_use_icon=&#8221;off&#8221; button_custom_margin=&#8221;||||false|false&#8221; button_custom_padding=&#8221;16px|10px|17px|10px|false|true&#8221; background_layout=&#8221;light&#8221; max_width=&#8221;60%&#8221; max_width_tablet=&#8221;100%&#8221; max_width_phone=&#8221;100%&#8221; max_width_last_edited=&#8221;on|phone&#8221; custom_margin=&#8221;30px||||false|false&#8221; hover_enabled=&#8221;0&#8243; border_radii_fields=&#8221;on|0px|0px|0px|0px&#8221; border_width_all_fields=&#8221;1px&#8221; border_color_all_fields=&#8221;#000000&#8243; button_text_color__hover_enabled=&#8221;on|hover&#8221; button_text_color__hover=&#8221;#e8e8e8&#8243; button_bg_color__hover_enabled=&#8221;on|hover&#8221; button_bg_color__hover=&#8221;#545454&#8243; button_bg_enable_color__hover=&#8221;on&#8221; button_border_color__hover_enabled=&#8221;on|hover&#8221; button_border_color__hover=&#8221;#545454&#8243; button_letter_spacing__hover_enabled=&#8221;on|desktop&#8221; button_letter_spacing__hover=&#8221;1px&#8221; success_message=&#8221;Dzi\u0119kujemy, wkr\u00f3tce si\u0119 z Tob\u0105 skontaktujemy.&#8221;][\/et_pb_signup][\/et_pb_column][\/et_pb_row][\/et_pb_section]<\/p>\n","protected":false},"excerpt":{"rendered":"<p>[et_pb_section fb_built=&#8221;1&#8243; _builder_version=&#8221;4.4.4&#8243; background_enable_color=&#8221;off&#8221; custom_padding=&#8221;0px||0px||true|false&#8221;][et_pb_row use_custom_gutter=&#8221;on&#8221; gutter_width=&#8221;1&#8243; make_equal=&#8221;on&#8221; _builder_version=&#8221;4.4.4&#8243; width=&#8221;100%&#8221; max_width=&#8221;100%&#8221; custom_padding=&#8221;0px||0px||true|false&#8221;][et_pb_column type=&#8221;4_4&#8243; _builder_version=&#8221;4.0.9&#8243; custom_padding=&#8221;19vh|12vh|19vh|12vh|true|true&#8221; custom_padding_tablet=&#8221;5vh|5vh|5vh|5vh|true|true&#8221; custom_padding_phone=&#8221;2vh|4vh|2vh|4vh|true|true&#8221; custom_padding_last_edited=&#8221;on|phone&#8221;][et_pb_text _builder_version=&#8221;4.4.4&#8243; header_font=&#8221;Poppins||||||||&#8221; header_text_color=&#8221;#000000&#8243; header_font_size=&#8221;4.3vw&#8221; header_line_height=&#8221;1.1em&#8221; custom_margin=&#8221;11vh||||false|false&#8221; header_font_size_tablet=&#8221;&#8221; header_font_size_phone=&#8221;5.7vw&#8221; header_font_size_last_edited=&#8221;on|phone&#8221;] Jeszcze chwila&#8230; [\/et_pb_text][et_pb_text _builder_version=&#8221;4.4.4&#8243; text_font=&#8221;Raleway||||||||&#8221; text_text_color=&#8221;#000000&#8243; text_font_size=&#8221;17px&#8221; text_line_height=&#8221;1.9em&#8221; header_2_font=&#8221;Poppins|300|||||||&#8221; header_2_font_size=&#8221;19px&#8221; header_2_letter_spacing=&#8221;1px&#8221; header_2_line_height=&#8221;1.3em&#8221; max_width=&#8221;75%&#8221; max_width_tablet=&#8221;100%&#8221; max_width_phone=&#8221;100%&#8221; max_width_last_edited=&#8221;on|phone&#8221; custom_margin=&#8221;3vh||||false|false&#8221; custom_margin_tablet=&#8221;2vh||||false|false&#8221; custom_margin_phone=&#8221;2vh||||false|false&#8221; custom_margin_last_edited=&#8221;on|phone&#8221; text_line_height_tablet=&#8221;&#8221; text_line_height_phone=&#8221;1.8em&#8221; text_line_height_last_edited=&#8221;on|desktop&#8221; text_line_height__hover_enabled=&#8221;off|desktop&#8221;] Projekt jeszcze nie wystartowa\u0142 [&hellip;]<\/p>\n","protected":false},"author":1,"featured_media":0,"parent":0,"menu_order":0,"comment_status":"closed","ping_status":"closed","template":"","meta":{"_et_pb_use_builder":"on","_et_pb_old_content":"","_et_gb_content_width":"","footnotes":""},"class_list":["post-14","page","type-page","status-publish","hentry"],"_links":{"self":[{"href":"https:\/\/maciejkrawiecki.pl\/index.php?rest_route=\/wp\/v2\/pages\/14","targetHints":{"allow":["GET"]}}],"collection":[{"href":"https:\/\/maciejkrawiecki.pl\/index.php?rest_route=\/wp\/v2\/pages"}],"about":[{"href":"https:\/\/maciejkrawiecki.pl\/index.php?rest_route=\/wp\/v2\/types\/page"}],"author":[{"embeddable":true,"href":"https:\/\/maciejkrawiecki.pl\/index.php?rest_route=\/wp\/v2\/users\/1"}],"replies":[{"embeddable":true,"href":"https:\/\/maciejkrawiecki.pl\/index.php?rest_route=%2Fwp%2Fv2%2Fcomments&post=14"}],"version-history":[{"count":22,"href":"https:\/\/maciejkrawiecki.pl\/index.php?rest_route=\/wp\/v2\/pages\/14\/revisions"}],"predecessor-version":[{"id":89,"href":"https:\/\/maciejkrawiecki.pl\/index.php?rest_route=\/wp\/v2\/pages\/14\/revisions\/89"}],"wp:attachment":[{"href":"https:\/\/maciejkrawiecki.pl\/index.php?rest_route=%2Fwp%2Fv2%2Fmedia&parent=14"}],"curies":[{"name":"wp","href":"https:\/\/api.w.org\/{rel}","templated":true}]}}